r when 66 is divided by 10.
6
Calculate the remainder when 231 is divided by 80.
71
What is the remainder when 615 is divided by 141?
51
What is the remainder when 400 is divided by 55?
15
What is the remainder when 175 is divided by 59?
57
Calculate the remainder when 1297 is divided by 135.
82
Calculate the remainder when 102 is divided by 2.
0
What is the remainder when 830 is divided by 14?
4
What is the remainder when 133 is divided by 121?
12
What is the remainder when 13087 is divided by 19?
15
Calculate the remainder when 283 is divided by 11.
8
Calculate the remainder when 25 is divided by 3.
1
What is the remainder when 11854 is divided by 208?
206
What is the remainder when 2705 is divided by 35?
10
Calculate the remainder when 1194 is divided by 310.
264
What is the remainder when 245 is divided by 121?
3
What is the remainder when 837 is divided by 56?
53
What is the remainder when 696 is divided by 10?
6
What is the remainder when 27 is divided by 18?
9
Calculate the remainder when 257 is divided by 6.
5
Calculate the remainder when 269 is divided by 18.
17
What is the remainder when 209 is divided by 21?
20
Calculate the remainder when 1318 is divided by 60.
58
Calculate the remainder when 205 is divided by 13.
10
Calculate the remainder when 33177 is divided by 210.
207
Calculate the remainder when 371 is divided by 19.
10
Calculate the remainder when 1742 is divided by 18.
14
Calculate the remainder when 838 is divided by 56.
54
What is the remainder when 2862 is divided by 16?
14
Calculate the remainder when 154 is divided by 68.
18
Calculate the remainder when 434 is divided by 258.
176
Calculate the remainder when 14 is divided by 3.
2
What is the remainder when 159 is divided by 140?
19
Calculate the remainder when 291 is divided by 138.
15
Calculate the remainder when 10797 is divided by 30.
27
What is the remainder when 82 is divided by 23?
13
Calculate the remainder when 61 is divided by 29.
3
What is the remainder when 423 is divided by 74?
53
What is the remainder when 104 is divided by 12?
8
What is the remainder when 228 is divided by 23?
21
Calculate the remainder when 628 is divided by 132.
100
Calculate the remainder when 459 is divided by 46.
45
What is the remainder when 112 is divided by 31?
19
What is the remainder when 299 is divided by 280?
19
Calculate the remainder when 877 is divided by 113.
86
What is the remainder when 376 is divided by 20?
16
What is the remainder when 323 is divided by 171?
152
Calculate the remainder when 494 is divided by 16.
14
What is the remainder when 203 is divided by 23?
19
Calculate the remainder when 181 is divided by 13.
12
Calculate the remainder when 389 is divided by 34.
15
What is the remainder when 1160 is divided by 14?
12
What is the remainder when 229 is divided by 81?
67
Calculate the remainder when 781 is divided by 88.
77
What is the remainder when 441 is divided by 12?
9
Calculate the remainder when 137 is divided by 29.
21
What is the remainder when 5654 is divided by 56?
54
Calculate the remainder when 1081 is divided by 57.
55
What is the remainder when 2791 is divided by 11?
8
Calculate the remainder when 998 is divided by 62.
6
What is the remainder when 3534 is divided by 35?
34
Calculate the remainder when 206 is divided by 56.
38
What is the remainder when 49 is divided by 15?
4
What is the remainder when 174 is divided by 16?
14
Calculate the remainder when 201 is divided by 55.
36
What is the remainder when 922 is divided by 33?
31
What is the remainder when 825 is divided by 391?
43
What is the remainder when 84 is divided by 18?
12
What is the remainder when 4555 is divided by 7?
5
What is the remainder when 458 is divided by 51?
50
What is the remainder when 1773 is divided by 6?
3
What is the remainder when 1462 is divided by 73?
2
What is the remainder when 15671 is divided by 15?
11
What is the remainder when 1410 is divided by 17?
16
What is the remainder when 299 is divided by 12?
11
Calculate the remainder when 4692 is divided by 174.
168
Calculate the remainder when 8662 is divided by 152.
150
Calculate the remainder when 6298 is divided by 14.
12
What is the remainder when 275 is divided by 47?
40
What is the remainder when 236 is divided by 16?
12
What is the remainder when 72 is divided by 14?
2
Calculate the remainder when 848 is divided by 25.
23
What is the remainder when 165 is divided by 83?
82
What is the remainder when 45 is divided by 17?
11
Calculate the remainder when 108 is divided by 57.
51
Calculate the remainder when 627 is divided by 15.
12
What is the remainder when 100 is divided by 44?
12
What is the remainder when 299 is divided by 63?
47
Calculate the remainder when 135 is divided by 47.
41
What is the remainder when 984 is divided by 35?
4
Calculate the remainder when 2859 is divided by 9.
6
Calculate the remainder when 4545 is divided by 1515.
0
What is the remainder when 15981 is divided by 111?
108
What is the remainder when 179 is divided by 13?
10
Calculate the remainder when 1438 is divided by 24.
22
What is the remainder when 1033 is divided by 168?
25
What is the remainder when 689 is divided by 27?
14
Calculate the remainder when 1480 is divided by 740.
0
Calculate the remainder when 410 is divided by 76.
30
Calculate the remainder when 7961 is divided by 45.
41
Calculate the remainder when 855 is divided by 290.
275
Calculate the remainder when 43 is divided by 33.
10
Calculate the remainder when 1612 is divided by 66.
28
Calculate the remainder when 165 is divided by 44.
33
Calculate the remainder when 75 is divided by 45.
30
Calculate the remainder when 2623 is divided by 291.
4
What is the remainder when 48 is divided by 25?
23
What is the remainder when 265 is divided by 19?
18
What is the remainder when 816 is divided by 39?
36
What is the remainder when 67 is divided by 12?
7
What is the remainder when 16 is divided by 6?
4
What is the remainder when 2447 is divided by 68?
67
Calculate the remainder when 579 is divided by 53.
49
Calculate the remainder when 136 is divided by 67.
2
What is the remainder when 5105 is divided by 284?
277
What is the remainder when 1240 is divided by 69?
67
Calculate the remainder when 156 is divided by 35.
16
Calculate the remainder when 935 is divided by 238.
221
Calculate the remainder when 315 is divided by 11.
7
Calculate the remainder when 566 is divided by 142.
140
What is the remainder when 468 is divided by 34?
26
Calculate the remainder when 88 is divided by 47.
41
What is the remainder when 53 is divided by 11?
9
Calculate the remainder when 3547 is divided by 67.
63
What is the remainder when 326 is divided by 16?
6
Calculate the remainder when 127 is divided by 19.
13
What is the remainder when 1224 is divided by 153?
0
What is the remainder when 213 is divided by 31?
27
What is the remainder when 2938 is divided by 27?
22
Calculate the remainder when 98 is divided by 47.
4
What is the remainder when 510 is divided by 86?
80
Calculate the remainder when 5558 is divided by 17.
16
Calculate the remainder when 207 is divided by 52.
51
What is the remainder when 3856 is divided by 240?
16
What is the remainder when 94 is divided by 7?
3
Calculate the remainder when 14217 is divided by 36.
33
Calculate the remainder when 93 is divided by 39.
15
What is the remainder when 334 is divided by 67?
66
What is the remainder when 1005 is divided by 105?
60
Calculate the remainder when 261 is divided by 80.
21
What is the remainder when 1546 is divided by 141?
136
Calculate the remainder when 7708 is divided by 30.
28
Calculate the remainder when 1873 is divided by 125.
123
Calculate the remainder when 2653 is divided by 14.
7
Calculate the remainder when 2352 is divided by 157.
154
What is the remainder when 202 is divided by 27?
13
Calculate the remainder when 802 is divided by 50.
2
What is the remainder when 206 is divided by 71?
64
What is the remainder when 597 is divided by 20?
17
Calculate the remainder when 629 is divided by 80.
69
Calculate the remainder when 4915 is divided by 235.
215
What is the remainder when 328 is divided by 83?
79
What is the remainder when 1455 is divided by 27?
24
Calculate the remainder when 371 is divided by 66.
41
What is the rema